{"id":56,"date":"2011-04-13T18:24:48","date_gmt":"2011-04-13T23:24:48","guid":{"rendered":"https:\/\/www.yaonahuac.com.mx\/ciudadanos-por-puebla\/?page_id=56"},"modified":"2017-12-06T11:58:28","modified_gmt":"2017-12-06T17:58:28","slug":"bienvenidos-a-pandilla-de-escritores","status":"publish","type":"page","link":"https:\/\/www.yaonahuac.com.mx\/ciudadanos-por-puebla\/","title":{"rendered":"BIENVENIDOS A \u00abPANDILLA DE ESCRITORES\u00bb"},"content":{"rendered":"<p>Este espacio, bien nombrado PANDILLA DE ESCRITORES con la estupenda idea del compa\u00f1ero Armando Fern\u00e1ndez, busca presentar las aportaciones de todos quienes tengan inclinaci\u00f3n hacia la escritura de textos libres, art\u00edculos de opini\u00f3n, puntos de vista cr\u00edticos acerca de lo que ocurre en nuestro municipio, el estado, el pa\u00eds y el mundo.<\/p>\n<p>El tema puede ser tan diverso como diversa es nuestra gente, nuestra naturaleza, nuestras aspiraciones, nuestras vidas.<\/p>\n<p>Y este espacio es perfecto para \u201csoltar la mano\u201d y aventurarse a escribir, para asomarse por la ventana hacia el apasionante mundo de las letras, ese que no est\u00e1 reservado solo para los que saben mucho, los que han le\u00eddo mucho, los que han so\u00f1ado mucho; sino para todos, incluso aquellos ni\u00f1os y ni\u00f1as que hoy tienen un conocimiento sorprendente de la tecnolog\u00eda y hacen uso de ella, como nosotros en nuestra ni\u00f1ez lo hicimos con las canicas, el trompo o la rayuela.<\/p>\n<p>Lo es tambi\u00e9n para los j\u00f3venes y los no tan j\u00f3venes, los que ans\u00edan que el mundo sepa lo que piensan u opinan, lo que quieren para s\u00ed o para su pueblo.<\/p>\n<p>Y estar\u00e1 abierto para recibir y publicar la producci\u00f3n de los amantes de la poes\u00eda, de los que conocen las leyendas, los mitos o el desarrollo de las tradiciones de nuestro municipio, de los que disfrutan hablar de nuestra historia, del trabajo de nuestros campesinos, de nuestras mujeres ind\u00edgenas y nuestra lengua materna n\u00e1huatl, de los que conocen algo m\u00e1s que nosotros de la f\u00edsica, la qu\u00edmica, las matem\u00e1ticas, el universo y las estrellas, el calentamiento global, etc.<\/p>\n<p>As\u00ed es que al darles la bienvenida, env\u00edo tambi\u00e9n a todos la invitaci\u00f3n para aprovechar este espacio que a partir de hoy es suyo, para que podamos mostrar con orgullo a los lectores de otras latitudes de la extensa geograf\u00eda de nuestro M\u00e9xico e incluso de m\u00e1s all\u00e1 de nuestras fronteras, que en Yaon\u00e1huac Puebla, hay muchos interesados en la literatura, en el desarrollo intelectual y en dar a conocer lo que es nuestra visi\u00f3n de un mundo mejor.<\/p>\n<p>MTRO. ROGELIO HERNANDEZ ORTEGA<\/p>\n","protected":false},"excerpt":{"rendered":"<p>Este espacio, bien nombrado PANDILLA DE ESCRITORES con la estupenda idea del compa\u00f1ero Armando Fern\u00e1ndez, busca presentar las aportaciones de todos quienes tengan inclinaci\u00f3n hacia la escritura de textos libres, art\u00edculos de opini\u00f3n, puntos de vista cr\u00edticos acerca de lo que ocurre en nuestro municipio, el estado, el pa\u00eds y el mundo. El tema puede &hellip; <\/p>\n<p><a class=\"more-link btn\" href=\"https:\/\/www.yaonahuac.com.mx\/ciudadanos-por-puebla\/\">Seguir leyendo<\/a><\/p>\n","protected":false},"author":1,"featured_media":0,"parent":0,"menu_order":0,"comment_status":"closed","ping_status":"open","template":"","meta":{"footnotes":""},"class_list":["post-56","page","type-page","status-publish","hentry","nodate","item-wrap"],"_links":{"self":[{"href":"https:\/\/www.yaonahuac.com.mx\/ciudadanos-por-puebla\/wp-json\/wp\/v2\/pages\/56","targetHints":{"allow":["GET"]}}],"collection":[{"href":"https:\/\/www.yaonahuac.com.mx\/ciudadanos-por-puebla\/wp-json\/wp\/v2\/pages"}],"about":[{"href":"https:\/\/www.yaonahuac.com.mx\/ciudadanos-por-puebla\/wp-json\/wp\/v2\/types\/page"}],"author":[{"embeddable":true,"href":"https:\/\/www.yaonahuac.com.mx\/ciudadanos-por-puebla\/wp-json\/wp\/v2\/users\/1"}],"replies":[{"embeddable":true,"href":"https:\/\/www.yaonahuac.com.mx\/ciudadanos-por-puebla\/wp-json\/wp\/v2\/comments?post=56"}],"version-history":[{"count":0,"href":"https:\/\/www.yaonahuac.com.mx\/ciudadanos-por-puebla\/wp-json\/wp\/v2\/pages\/56\/revisions"}],"wp:attachment":[{"href":"https:\/\/www.yaonahuac.com.mx\/ciudadanos-por-puebla\/wp-json\/wp\/v2\/media?parent=56"}],"curies":[{"name":"wp","href":"https:\/\/api.w.org\/{rel}","templated":true}]}}